the remainder when 68 is divided by r.
12
Let x(g) = 2*g**2 + 33*g + 48. What is the remainder when 30 is divided by x(-15)?
0
Let p(u) be the third derivative of -11*u**4/24 - 8*u**3/3 - u**2. Calculate the remainder when p(-7) is divided by 21.
19
Suppose -5*q = -3*d + 24, -8 = -d - q - 2*q. What is the remainder when (13/(-5))/(6/(-30)) is divided by d?
5
Let t(b) = -b**3 + 10*b**2 + 10*b + 7. Let w be t(11). Let x be (w/(-12))/((-3)/(-18)). What is the remainder when 61 is divided by (-122)/(-6) - x/(-3)?
19
Suppose -2*y + y = 0. Suppose y = -b + 1 + 26. Suppose b = -f + 2*f. What is the remainder when f is divided by 10?
7
Let t(k) = k**2 - 3*k - 1. Let g be t(4). Suppose g = n - 21. Let v = -1025 - -1118. What is the remainder when v is divided by n?
21
Let a = 733 + -592. Let o = 84 + -55. Calculate the remainder when a is divided by o.
25
Let o(p) = 384 + 4*p**2 + 5*p + 2*p**2 - 380 - 4*p**2. Suppose -n - 2 = 2. What is the remainder when 47 is divided by o(n)?
15
Suppose -3*k - 40 + 160 = 0. Calculate the remainder when 148 is divided by k.
28
Suppose 0*n + 4*g = n + 5, 0 = 4*n - g + 35. Calculate the remainder when 29 is divided by ((-12)/18)/(1/n).
5
Let j be 23/5 + 2/5. Suppose -6*g - 8 = -2*r - 2*g, -3*r - j*g = -23. What is the remainder when 6/(48/21 - 2) is divided by r?
3
Suppose 2*l = 2*m + 56, -11*l - 71 = -13*l + 5*m. Let t(s) = 2*s**2 - s + 5. What is the remainder when t(-5) is divided by l?
14
Let x be (-42)/(-63) + (-587)/3. Let z = x - -277. Let o(h) = -h**2 - 10*h - 7. Calculate the remainder when z is divided by o(-6).
14
What is the remainder when 144 is divided by 2842/87*18/14?
18
Suppose 0 = n - 3 + 18. Let m(i) = -i + 16. Let x be m(10). Calculate the remainder when 43 is divided by n/x*(-22)/5.
10
Let j(f) = -2*f**2 - 7*f + 44. What is the remainder when 24 is divided by j(3)?
4
Let r(f) = 2*f**3 - 2*f**2 - 2*f. Let x be r(2). Calculate the remainder when 38 is divided by x/(-6)*-3 + 26.
10
Let t = 128 + -75. Let z = -48 + t. What is the remainder when 5 is divided by z?
0
Suppose 3*v + 9*y = 13*y + 268, -5*v + 2*y + 470 = 0. Calculate the remainder when v is divided by 21.
12
Let y = 174 + -102. Suppose 45 = g + l, -y = -5*g + l + 147. What is the remainder when g is divided by 8?
4
What is the remainder when ((-89955)/225)/((-2)/(30/3)) is divided by 22?
19
Suppose 35 = -6*o + 137. Calculate the remainder when 32 is divided by o.
15
Let k(s) = s**2 - 20*s + 32. Calculate the remainder when 26 is divided by k(19).
0
Suppose -95 = -5*o - 4*l, -7*l = -5*o - 14*l + 110. Let b(z) = -z + 26. What is the remainder when b(0) is divided by o?
11
Let k = 1 + 1. Suppose 0 = -k*x + 18 - 2. Let a(l) = -l**3 - 84*l**2 - 162*l + 167. Calculate the remainder when x is divided by a(-82).
2
Suppose 4*n - 5*n = -2. Suppose 0*v - 12 = -n*v. Suppose -y = 2*k - 1, -3*k + 12 = y + 4*y. Calculate the remainder when v is divided by y.
0
Calculate the remainder when 6/(466/1484 - 44/154) is divided by 38.
22
Let b(u) = 10*u. Let g be b(4). Suppose -8*s + g = -4*s. Calculate the remainder when 57 is divided by s.
7
Let j be (-1 + 6/4)/((-1)/2). What is the remainder when 32 is divided by 99/36*(-4)/j?
10
Suppose -960 = -15*b + 75. What is the remainder when 77 is divided by b?
8
Suppose -8*r + 197 - 37 = 0. What is the remainder when r/14 + 1/14*-6 is divided by 1?
0
Let w(o) = o**3 + 6*o**2 - 11*o - 7. Let g = -46 - -36. Let n = g + 22. Calculate the remainder when w(-7) is divided by n.
9
Let k(v) = -v**2 + 6*v + 2. Let n be k(7). Let s = 52 + n. Let y(l) = 4*l - 28. What is the remainder when s is divided by y(10)?
11
Let i = -131 + 147. What is the remainder when i is divided by 9?
7
Let j = -1 - -1. Let d = j + 2. Let f(k) = k**2 - 45*k + 377. Calculate the remainder when f(11) is divided by d.
1
Let m(o) = 3*o + 9. Suppose 5 = q - 5*n, 5*q = 3*n - 4 + 7. What is the remainder when m(q) is divided by 4?
1
Suppose -15*c + 14*c = -79. Suppose 53 = 4*m + 5*i, -4*i + 36 = 3*m + i. Calculate the remainder when c is divided by m.
11
Suppose -2*a - 4*r + 158 = 0, 3*r = -13*a + 10*a + 225. Calculate the remainder when a is divided by 22.
5
Suppose 3*y - 6*y - u - 38 = 0, -u = y + 12. Let b = y + 26. Calculate the remainder when b is divided by 8.
5
Let i = -175 - -188. What is the remainder when 35 is divided by i?
9
Let z(t) = 12*t + 142. Calculate the remainder when 181 is divided by z(-8).
43
Suppose -2*j - 90 = -2*p, -j + 86 = 4*p - 69. What is the remainder when 106 is divided by p?
26
Suppose 5*g - 212 = 123. Let y(j) = -16*j + 1. Let b(a) = a**3 - 4*a**2 - 1. Let r be b(4). Calculate the remainder when g is divided by y(r).
16
Let j = 153 + -33. What is the remainder when j is divided by 43?
34
Let a be (2/(-4))/((-2)/(40 + -4)). Suppose -a*b - 44 = -11*b. Calculate the remainder when b is divided by 4.
2
Let m be -3*1/(-2)*2. Suppose -10 = 8*f - m*f. Calculate the remainder when (f/3)/(5/(-75)) is divided by 3.
1
Let z(w) = 48*w**3 + w - 1. What is the remainder when z(1) is divided by (-2 + 7 - -4) + 5 + -4?
8
Suppose -9*c = c - 2300. Calculate the remainder when c is divided by 77.
76
Suppose 0 = 7*l - 18*l + 1661. Calculate the remainder when l is divided by 49.
4
Let l = 2 + -1. Suppose -5*f + 9 + 6 = 0. Calculate the remainder when l is divided by f/6*-1*-2.
0
Suppose m + 1 = 2*m. Let o = m + 8. Suppose 0 = 9*q + 63 - 351. Calculate the remainder when q is divided by o.
5
Suppose 3*i = 5*g - 335 - 425, 5*g - 2*i - 760 = 0. Calculate the remainder when g is divided by 51.
50
Let p(k) = 6*k - 60. What is the remainder when 115 is divided by p(15)?
25
Let i(j) be the third derivative of -1/6*j**3 + 0 + 3*j**2 + 0*j - 19/24*j**4. What is the remainder when 35 is divided by i(-1)?
17
Let k be 2*(-1 + (-37)/(-2)). Let r = k + -31. Suppose -13 = -l - g, -31 = -4*l + r*g + 5. Calculate the remainder when 20 is divided by l.
9
What is the remainder when 15 is divided by 60/(25/5) + -6?
3
Let d(y) = y**2 + 35*y + 336. Calculate the remainder when d(-27) is divided by 37.
9
Calculate the remainder when 151*(18/(-90) + 12/10) is divided by 77.
74
Let n = -59 - -65. Suppose -z = -i - 4, n = z + 2*i + 2. Calculate the remainder when 15 is divided by z.
3
Calculate the remainder when -4 - -320 - 4/(-8)*-6 is divided by 17.
7
Let i(c) = -13*c - 1 + 28*c**2 + 13*c. Let w(v) = -v. Calculate the remainder when i(1) is divided by w(-7).
6
Let i = 10 - -22. Suppose -25 - 136 = -23*a. What is the remainder when i is divided by a?
4
Suppose -4*a + 40 = d - 4*d, -4*a = d - 72. Suppose -m - 12 = 2*m, -4*w + 28 = 4*m. Calculate the remainder when a is divided by w.
5
Let q(x) = -x**3 - 7*x**2 + 8*x + 19. What is the remainder when 45 is divided by q(-8)?
7
Let d be -47 - (0 - 1)*-2. Let a = -12 + -22. Let q = a - d. Calculate the remainder when 59 is divided by q.
14
Let u be 66*2/(-4)*-1. Let y = u - 31. Calculate the remainder when -1 - 1*7/(-1) is divided by y.
0
Suppose -991*m = -993*m + 460. Calculate the remainder when m is divided by 110.
10
Let q(b) = -b**3 + 18*b**2 - 38*b + 28. What is the remainder when q(14) is divided by 57?
52
Let u = -7 + 3. Let l be 3 - 1/1 - -2. Let z = l - u. Calculate the remainder when 21 is divided by z.
5
Let d(x) = 3*x + 51. What is the remainder when 164 is divided by d(-9)?
20
Let u be (19/(-76))/((-1)/12). Suppose -u*h = 4*x - 2*h - 108, -5*x + 3*h = -135. Calculate the remainder when x is divided by 15.
12
Suppose 4*g - 116 = 4*a, a + 0*g = 3*g - 37. Calculate the remainder when 2*a/(-2) + (0 - -3) is divided by 16.
12
Let p(r) = 4*r + 5. Let v be p(0). Suppose 0 = 3*u - 4*c - 127, 3*u = v*u + 3*c - 62. Calculate the remainder when ((-73)/(-3))/((-2)/(-6)) is divided by u.
36
Suppose 8*a - 12 = -4*a. Calculate the remainder when -4 + 22 + a + 3 is divided by 12.
10
Let l(h) = -h**3 + 26*h**2 + 58*h - 43. Calculate the remainder when 22 is divided by l(28).
9
Let j = 4 - -7. Let p(f) = f**3 - 7*f**2 - f + 10. Let q = 51 - 44. What is the remainder when j is divided by p(q)?
2
What is the remainder when (-4088)/(-280) - (-6)/(-10) is divided by 2?
0
Let q(g) = 4*g + 7. Suppose 9 - 3 = -3*k. Let v = k - -11. Calculate the remainder when q(2) is divided by v.
6
Let k = 62 - -2. Calculate the remainder when 